{"id":64,"date":"2026-04-15T21:58:00","date_gmt":"2026-04-15T21:58:00","guid":{"rendered":"https:\/\/dansetherapie77.fr\/?page_id=64"},"modified":"2026-04-17T09:33:12","modified_gmt":"2026-04-17T09:33:12","slug":"la-danse-therapie","status":"publish","type":"page","link":"https:\/\/dansetherapie77.fr\/index.php\/la-danse-therapie\/","title":{"rendered":"La danse-th\u00e9rapie"},"content":{"rendered":"\n<figure class=\"wp-block-image\"><img decoding=\"async\" src=\"http:\/\/dansetherapie77.fr\/wp-content\/uploads\/2026\/04\/jam-39-edited-1.jpg\" alt=\"\" class=\"wp-image-623\"\/><\/figure>\n\n\n\n<h2 class=\"wp-block-heading\">Qu\u2019est-ce que la danse th\u00e9rapie ?<\/h2>\n\n\n\n<p>La danse-th\u00e9rapie permet d\u2019exprimer ce que les mots ne parviennent pas \u00e0 dire.<\/p>\n\n\n\n<p>Vous vous connecterez \u00e0 vos sensations, \u00e0 l\u2019\u00e9nergie de votre corps. Vous d\u00e9couvrirez l\u2019\u00e9tendue vos capacit\u00e9s \u00e0 vous mouvoir, \u00e0 vous exprimer, \u00e0 entrer en relation. Vous laisserez r\u00e9sonner votre exp\u00e9rience du mouvement et pourrez mettre des mots sur ce que vous vivez gr\u00e2ce \u00e0 l\u2019exp\u00e9rience de la danse.<\/p>\n\n\n\n<h2 class=\"wp-block-heading\">Pour quels bienfaits ?<\/h2>\n\n\n\n<p>La danse th\u00e9rapie allie les bienfaits de l\u2019activit\u00e9 physique et des arts. Les axes de travail sont adaptables : la conscience corporelle, les \u00e9motions, la cr\u00e9ativit\u00e9, le lien social l\u2019anxi\u00e9t\u00e9, les douleurs, la conscience de l\u2019espace, la confiance en soi et l\u2019acceptation de soi.<\/p>\n\n\n\n<h2 class=\"wp-block-heading\">Pour quels publics ?<\/h2>\n\n\n\n<p>La danse-th\u00e9rapie est principalement une activit\u00e9 de groupe mais il est possible de l\u2019exercer en individuel.<\/p>\n\n\n\n<p>La danse-th\u00e9rapie est principalement efficace pour les personnes qui ne peuvent pas ou qui ont des difficult\u00e9s \u00e0 mettre des mots sur ce qu\u2019ils\/elles vivent. Elle est b\u00e9n\u00e9fique pour les personnes qui aiment le mouvement et\/ou la musique .<\/p>\n\n\n\n<p>Nous travaillons avec des publics vari\u00e9s, adultes (handicap mental, psychiatrie en h\u00f4pital de jour, infertilit\u00e9) et enfants (enfants avec retard scolaire, hyperactivit\u00e9, autisme).<\/p>\n\n\n\n<p>Vous traversez une p\u00e9riode difficile et vous sentez que vous mettre en mouvement vous ferait du bien mais vous avez du mal \u00e0 trouver l\u2019\u00e9nergie ? La danse th\u00e9rapie est faire pour vous.<\/p>\n\n\n\n<p><a href=\"https:\/\/movideacoopaname.wordpress.com\/danse-therapie\/danse-therapie-pour-les-seniors\/\">Pour les seniors<\/a><\/p>\n\n\n\n<p><a href=\"https:\/\/movideacoopaname.wordpress.com\/danse-therapie\/danse-therapie-pour-adultes-en-situation-de-handicap\/\">Pour les adultes en situation de handicap<\/a><\/p>\n","protected":false},"excerpt":{"rendered":"<p>Qu\u2019est-ce que la danse th\u00e9rapie ? La danse-th\u00e9rapie permet d\u2019exprimer ce que les mots ne parviennent pas \u00e0 dire. Vous vous connecterez \u00e0 vos sensations, \u00e0 l\u2019\u00e9nergie de votre corps. Vous d\u00e9couvrirez l\u2019\u00e9tendue vos capacit\u00e9s \u00e0 vous mouvoir, \u00e0 vous exprimer, \u00e0 entrer en relation. Vous laisserez r\u00e9sonner votre exp\u00e9rience du mouvement et pourrez mettre [&hellip;]<\/p>\n","protected":false},"author":1,"featured_media":0,"parent":0,"menu_order":0,"comment_status":"closed","ping_status":"closed","template":"","meta":{"footnotes":""},"class_list":["post-64","page","type-page","status-publish","hentry"],"jetpack_sharing_enabled":true,"_links":{"self":[{"href":"https:\/\/dansetherapie77.fr\/index.php\/wp-json\/wp\/v2\/pages\/64","targetHints":{"allow":["GET"]}}],"collection":[{"href":"https:\/\/dansetherapie77.fr\/index.php\/wp-json\/wp\/v2\/pages"}],"about":[{"href":"https:\/\/dansetherapie77.fr\/index.php\/wp-json\/wp\/v2\/types\/page"}],"author":[{"embeddable":true,"href":"https:\/\/dansetherapie77.fr\/index.php\/wp-json\/wp\/v2\/users\/1"}],"replies":[{"embeddable":true,"href":"https:\/\/dansetherapie77.fr\/index.php\/wp-json\/wp\/v2\/comments?post=64"}],"version-history":[{"count":2,"href":"https:\/\/dansetherapie77.fr\/index.php\/wp-json\/wp\/v2\/pages\/64\/revisions"}],"predecessor-version":[{"id":721,"href":"https:\/\/dansetherapie77.fr\/index.php\/wp-json\/wp\/v2\/pages\/64\/revisions\/721"}],"wp:attachment":[{"href":"https:\/\/dansetherapie77.fr\/index.php\/wp-json\/wp\/v2\/media?parent=64"}],"curies":[{"name":"wp","href":"https:\/\/api.w.org\/{rel}","templated":true}]}}